
{"id":10463,"date":"2025-10-13T10:15:10","date_gmt":"2025-10-13T10:15:10","guid":{"rendered":"https:\/\/betatechcenter.com\/agenda\/jornada-tecnica-gestion-del-ciclo-de-vida-en-la-transicion-hacia-un-sector-agroalimentario-sostenible\/"},"modified":"2025-10-13T10:15:26","modified_gmt":"2025-10-13T10:15:26","slug":"jornada-tecnica-gestion-del-ciclo-de-vida-en-la-transicion-hacia-un-sector-agroalimentario-sostenible","status":"publish","type":"event","link":"https:\/\/betatechcenter.com\/ca\/agenda\/jornada-tecnica-gestion-del-ciclo-de-vida-en-la-transicion-hacia-un-sector-agroalimentario-sostenible\/","title":{"rendered":"Jornada T\u00e9cnica: Gesti\u00f3n del Ciclo de Vida en la Transici\u00f3n hacia un Sector Agroalimentario Sostenible"},"parent":0,"template":"","class_list":["post-10463","event","type-event","status-publish","hentry"],"acf":[],"yoast_head":"<!-- This site is optimized with the Yoast SEO plugin v27.5 - https:\/\/yoast.com\/product\/yoast-seo-wordpress\/ -->\n<title>Beta Tech Center &#8212; Jornada T\u00e9cnica: Gesti\u00f3n del Ciclo de Vida en la Transici\u00f3n hacia un Sector Agroalimentario Sostenible<\/title>\n<meta name=\"description\" content=\"\ud83c\udf31 Estamos colaborando en la organizaci\u00f3n de la jornada \u201cGesti\u00f3n del Ciclo de Vida en la Transici\u00f3n hacia un Sector Agroalimentario Sostenible\u201d, impulsada por la Red Espa\u00f1ola de An\u00e1lisis de Ciclo de Vida (\ud835\uddd4\ud835\uddd6\ud835\udde9) que se celebrar\u00e0 en Vic (Barcelona) este noviembre.\" \/>\n<meta name=\"robots\" content=\"index, follow, max-snippet:-1, max-image-preview:large, max-video-preview:-1\" \/>\n<link rel=\"canonical\" href=\"https:\/\/betatechcenter.com\/ca\/agenda\/jornada-tecnica-gestion-del-ciclo-de-vida-en-la-transicion-hacia-un-sector-agroalimentario-sostenible\/\" \/>\n<meta property=\"og:locale\" content=\"ca_ES\" \/>\n<meta property=\"og:type\" content=\"article\" \/>\n<meta property=\"og:title\" content=\"Beta Tech Center &#8212; Jornada T\u00e9cnica: Gesti\u00f3n del Ciclo de Vida en la Transici\u00f3n hacia un Sector Agroalimentario Sostenible\" \/>\n<meta property=\"og:description\" content=\"\ud83c\udf31 Estamos colaborando en la organizaci\u00f3n de la jornada \u201cGesti\u00f3n del Ciclo de Vida en la Transici\u00f3n hacia un Sector Agroalimentario Sostenible\u201d, impulsada por la Red Espa\u00f1ola de An\u00e1lisis de Ciclo de Vida (\ud835\uddd4\ud835\uddd6\ud835\udde9) que se celebrar\u00e0 en Vic (Barcelona) este noviembre.\" \/>\n<meta property=\"og:url\" content=\"https:\/\/betatechcenter.com\/ca\/agenda\/jornada-tecnica-gestion-del-ciclo-de-vida-en-la-transicion-hacia-un-sector-agroalimentario-sostenible\/\" \/>\n<meta property=\"og:site_name\" content=\"Beta Tech Center\" \/>\n<meta property=\"article:modified_time\" content=\"2025-10-13T10:15:26+00:00\" \/>\n<meta property=\"og:image\" content=\"https:\/\/betatechcenter.com\/wp-content\/uploads\/2021\/04\/AS3I0112-2000x1333-1.jpeg\" \/>\n\t<meta property=\"og:image:width\" content=\"2000\" \/>\n\t<meta property=\"og:image:height\" content=\"1333\" \/>\n\t<meta property=\"og:image:type\" content=\"image\/jpeg\" \/>\n<meta name=\"twitter:card\" content=\"summary_large_image\" \/>\n<script type=\"application\/ld+json\" class=\"yoast-schema-graph\">{\"@context\":\"https:\\\/\\\/schema.org\",\"@graph\":[{\"@type\":\"WebPage\",\"@id\":\"https:\\\/\\\/betatechcenter.com\\\/ca\\\/agenda\\\/jornada-tecnica-gestion-del-ciclo-de-vida-en-la-transicion-hacia-un-sector-agroalimentario-sostenible\\\/\",\"url\":\"https:\\\/\\\/betatechcenter.com\\\/ca\\\/agenda\\\/jornada-tecnica-gestion-del-ciclo-de-vida-en-la-transicion-hacia-un-sector-agroalimentario-sostenible\\\/\",\"name\":\"Beta Tech Center &#8212; Jornada T\u00e9cnica: Gesti\u00f3n del Ciclo de Vida en la Transici\u00f3n hacia un Sector Agroalimentario Sostenible\",\"isPartOf\":{\"@id\":\"https:\\\/\\\/betatechcenter.com\\\/#website\"},\"datePublished\":\"2025-10-13T10:15:10+00:00\",\"dateModified\":\"2025-10-13T10:15:26+00:00\",\"description\":\"\ud83c\udf31 Estamos colaborando en la organizaci\u00f3n de la jornada \u201cGesti\u00f3n del Ciclo de Vida en la Transici\u00f3n hacia un Sector Agroalimentario Sostenible\u201d, impulsada por la Red Espa\u00f1ola de An\u00e1lisis de Ciclo de Vida (\ud835\uddd4\ud835\uddd6\ud835\udde9) que se celebrar\u00e0 en Vic (Barcelona) este noviembre.\",\"breadcrumb\":{\"@id\":\"https:\\\/\\\/betatechcenter.com\\\/ca\\\/agenda\\\/jornada-tecnica-gestion-del-ciclo-de-vida-en-la-transicion-hacia-un-sector-agroalimentario-sostenible\\\/#breadcrumb\"},\"inLanguage\":\"ca\",\"potentialAction\":[{\"@type\":\"ReadAction\",\"target\":[\"https:\\\/\\\/betatechcenter.com\\\/ca\\\/agenda\\\/jornada-tecnica-gestion-del-ciclo-de-vida-en-la-transicion-hacia-un-sector-agroalimentario-sostenible\\\/\"]}]},{\"@type\":\"BreadcrumbList\",\"@id\":\"https:\\\/\\\/betatechcenter.com\\\/ca\\\/agenda\\\/jornada-tecnica-gestion-del-ciclo-de-vida-en-la-transicion-hacia-un-sector-agroalimentario-sostenible\\\/#breadcrumb\",\"itemListElement\":[{\"@type\":\"ListItem\",\"position\":1,\"name\":\"Home\",\"item\":\"https:\\\/\\\/betatechcenter.com\\\/ca\\\/\"},{\"@type\":\"ListItem\",\"position\":2,\"name\":\"Agenda\",\"item\":\"https:\\\/\\\/betatechcenter.com\\\/es\\\/agenda\\\/\"},{\"@type\":\"ListItem\",\"position\":3,\"name\":\"Jornada T\u00e9cnica: Gesti\u00f3n del Ciclo de Vida en la Transici\u00f3n hacia un Sector Agroalimentario Sostenible\"}]},{\"@type\":\"WebSite\",\"@id\":\"https:\\\/\\\/betatechcenter.com\\\/#website\",\"url\":\"https:\\\/\\\/betatechcenter.com\\\/\",\"name\":\"Beta Tech Center\",\"description\":\"\",\"publisher\":{\"@id\":\"https:\\\/\\\/betatechcenter.com\\\/#organization\"},\"potentialAction\":[{\"@type\":\"SearchAction\",\"target\":{\"@type\":\"EntryPoint\",\"urlTemplate\":\"https:\\\/\\\/betatechcenter.com\\\/?s={search_term_string}\"},\"query-input\":{\"@type\":\"PropertyValueSpecification\",\"valueRequired\":true,\"valueName\":\"search_term_string\"}}],\"inLanguage\":\"ca\"},{\"@type\":\"Organization\",\"@id\":\"https:\\\/\\\/betatechcenter.com\\\/#organization\",\"name\":\"Beta Tech Center\",\"url\":\"https:\\\/\\\/betatechcenter.com\\\/\",\"logo\":{\"@type\":\"ImageObject\",\"inLanguage\":\"ca\",\"@id\":\"https:\\\/\\\/betatechcenter.com\\\/#\\\/schema\\\/logo\\\/image\\\/\",\"url\":\"https:\\\/\\\/betatechcenter.com\\\/wp-content\\\/uploads\\\/2020\\\/12\\\/logo.svg\",\"contentUrl\":\"https:\\\/\\\/betatechcenter.com\\\/wp-content\\\/uploads\\\/2020\\\/12\\\/logo.svg\",\"width\":319,\"height\":88,\"caption\":\"Beta Tech Center\"},\"image\":{\"@id\":\"https:\\\/\\\/betatechcenter.com\\\/#\\\/schema\\\/logo\\\/image\\\/\"}}]}<\/script>\n<!-- \/ Yoast SEO plugin. -->","yoast_head_json":{"title":"Beta Tech Center &#8212; Jornada T\u00e9cnica: Gesti\u00f3n del Ciclo de Vida en la Transici\u00f3n hacia un Sector Agroalimentario Sostenible","description":"\ud83c\udf31 Estamos colaborando en la organizaci\u00f3n de la jornada \u201cGesti\u00f3n del Ciclo de Vida en la Transici\u00f3n hacia un Sector Agroalimentario Sostenible\u201d, impulsada por la Red Espa\u00f1ola de An\u00e1lisis de Ciclo de Vida (\ud835\uddd4\ud835\uddd6\ud835\udde9) que se celebrar\u00e0 en Vic (Barcelona) este noviembre.","robots":{"index":"index","follow":"follow","max-snippet":"max-snippet:-1","max-image-preview":"max-image-preview:large","max-video-preview":"max-video-preview:-1"},"canonical":"https:\/\/betatechcenter.com\/ca\/agenda\/jornada-tecnica-gestion-del-ciclo-de-vida-en-la-transicion-hacia-un-sector-agroalimentario-sostenible\/","og_locale":"ca_ES","og_type":"article","og_title":"Beta Tech Center &#8212; Jornada T\u00e9cnica: Gesti\u00f3n del Ciclo de Vida en la Transici\u00f3n hacia un Sector Agroalimentario Sostenible","og_description":"\ud83c\udf31 Estamos colaborando en la organizaci\u00f3n de la jornada \u201cGesti\u00f3n del Ciclo de Vida en la Transici\u00f3n hacia un Sector Agroalimentario Sostenible\u201d, impulsada por la Red Espa\u00f1ola de An\u00e1lisis de Ciclo de Vida (\ud835\uddd4\ud835\uddd6\ud835\udde9) que se celebrar\u00e0 en Vic (Barcelona) este noviembre.","og_url":"https:\/\/betatechcenter.com\/ca\/agenda\/jornada-tecnica-gestion-del-ciclo-de-vida-en-la-transicion-hacia-un-sector-agroalimentario-sostenible\/","og_site_name":"Beta Tech Center","article_modified_time":"2025-10-13T10:15:26+00:00","og_image":[{"width":2000,"height":1333,"url":"https:\/\/betatechcenter.com\/wp-content\/uploads\/2021\/04\/AS3I0112-2000x1333-1.jpeg","type":"image\/jpeg"}],"twitter_card":"summary_large_image","schema":{"@context":"https:\/\/schema.org","@graph":[{"@type":"WebPage","@id":"https:\/\/betatechcenter.com\/ca\/agenda\/jornada-tecnica-gestion-del-ciclo-de-vida-en-la-transicion-hacia-un-sector-agroalimentario-sostenible\/","url":"https:\/\/betatechcenter.com\/ca\/agenda\/jornada-tecnica-gestion-del-ciclo-de-vida-en-la-transicion-hacia-un-sector-agroalimentario-sostenible\/","name":"Beta Tech Center &#8212; Jornada T\u00e9cnica: Gesti\u00f3n del Ciclo de Vida en la Transici\u00f3n hacia un Sector Agroalimentario Sostenible","isPartOf":{"@id":"https:\/\/betatechcenter.com\/#website"},"datePublished":"2025-10-13T10:15:10+00:00","dateModified":"2025-10-13T10:15:26+00:00","description":"\ud83c\udf31 Estamos colaborando en la organizaci\u00f3n de la jornada \u201cGesti\u00f3n del Ciclo de Vida en la Transici\u00f3n hacia un Sector Agroalimentario Sostenible\u201d, impulsada por la Red Espa\u00f1ola de An\u00e1lisis de Ciclo de Vida (\ud835\uddd4\ud835\uddd6\ud835\udde9) que se celebrar\u00e0 en Vic (Barcelona) este noviembre.","breadcrumb":{"@id":"https:\/\/betatechcenter.com\/ca\/agenda\/jornada-tecnica-gestion-del-ciclo-de-vida-en-la-transicion-hacia-un-sector-agroalimentario-sostenible\/#breadcrumb"},"inLanguage":"ca","potentialAction":[{"@type":"ReadAction","target":["https:\/\/betatechcenter.com\/ca\/agenda\/jornada-tecnica-gestion-del-ciclo-de-vida-en-la-transicion-hacia-un-sector-agroalimentario-sostenible\/"]}]},{"@type":"BreadcrumbList","@id":"https:\/\/betatechcenter.com\/ca\/agenda\/jornada-tecnica-gestion-del-ciclo-de-vida-en-la-transicion-hacia-un-sector-agroalimentario-sostenible\/#breadcrumb","itemListElement":[{"@type":"ListItem","position":1,"name":"Home","item":"https:\/\/betatechcenter.com\/ca\/"},{"@type":"ListItem","position":2,"name":"Agenda","item":"https:\/\/betatechcenter.com\/es\/agenda\/"},{"@type":"ListItem","position":3,"name":"Jornada T\u00e9cnica: Gesti\u00f3n del Ciclo de Vida en la Transici\u00f3n hacia un Sector Agroalimentario Sostenible"}]},{"@type":"WebSite","@id":"https:\/\/betatechcenter.com\/#website","url":"https:\/\/betatechcenter.com\/","name":"Beta Tech Center","description":"","publisher":{"@id":"https:\/\/betatechcenter.com\/#organization"},"potentialAction":[{"@type":"SearchAction","target":{"@type":"EntryPoint","urlTemplate":"https:\/\/betatechcenter.com\/?s={search_term_string}"},"query-input":{"@type":"PropertyValueSpecification","valueRequired":true,"valueName":"search_term_string"}}],"inLanguage":"ca"},{"@type":"Organization","@id":"https:\/\/betatechcenter.com\/#organization","name":"Beta Tech Center","url":"https:\/\/betatechcenter.com\/","logo":{"@type":"ImageObject","inLanguage":"ca","@id":"https:\/\/betatechcenter.com\/#\/schema\/logo\/image\/","url":"https:\/\/betatechcenter.com\/wp-content\/uploads\/2020\/12\/logo.svg","contentUrl":"https:\/\/betatechcenter.com\/wp-content\/uploads\/2020\/12\/logo.svg","width":319,"height":88,"caption":"Beta Tech Center"},"image":{"@id":"https:\/\/betatechcenter.com\/#\/schema\/logo\/image\/"}}]}},"_links":{"self":[{"href":"https:\/\/betatechcenter.com\/ca\/wp-json\/wp\/v2\/event\/10463","targetHints":{"allow":["GET"]}}],"collection":[{"href":"https:\/\/betatechcenter.com\/ca\/wp-json\/wp\/v2\/event"}],"about":[{"href":"https:\/\/betatechcenter.com\/ca\/wp-json\/wp\/v2\/types\/event"}],"wp:attachment":[{"href":"https:\/\/betatechcenter.com\/ca\/wp-json\/wp\/v2\/media?parent=10463"}],"curies":[{"name":"wp","href":"https:\/\/api.w.org\/{rel}","templated":true}]}}

Jornada Técnica: Gestión del Ciclo de Vida en la Transición hacia un Sector Agroalimentario Sostenible

<!-- This site is optimized with the Yoast SEO plugin v27.5 - https://yoast.com/product/yoast-seo-wordpress/ -->
<title>Beta Tech Center &#8212; Jornada Técnica: Gestión del Ciclo de Vida en la Transición hacia un Sector Agroalimentario Sostenible</title>
<meta name="description" content="🌱 Estamos colaborando en la organización de la jornada “Gestión del Ciclo de Vida en la Transición hacia un Sector Agroalimentario Sostenible”, impulsada por la Red Española de Análisis de Ciclo de Vida (𝗔𝗖𝗩) que se celebrarà en Vic (Barcelona) este noviembre." />
<meta name="robots" content="index, follow, max-snippet:-1, max-image-preview:large, max-video-preview:-1" />
<link rel="canonical" href="https://betatechcenter.com/ca/agenda/jornada-tecnica-gestion-del-ciclo-de-vida-en-la-transicion-hacia-un-sector-agroalimentario-sostenible/" />
<meta property="og:locale" content="ca_ES" />
<meta property="og:type" content="article" />
<meta property="og:title" content="Beta Tech Center &#8212; Jornada Técnica: Gestión del Ciclo de Vida en la Transición hacia un Sector Agroalimentario Sostenible" />
<meta property="og:description" content="🌱 Estamos colaborando en la organización de la jornada “Gestión del Ciclo de Vida en la Transición hacia un Sector Agroalimentario Sostenible”, impulsada por la Red Española de Análisis de Ciclo de Vida (𝗔𝗖𝗩) que se celebrarà en Vic (Barcelona) este noviembre." />
<meta property="og:url" content="https://betatechcenter.com/ca/agenda/jornada-tecnica-gestion-del-ciclo-de-vida-en-la-transicion-hacia-un-sector-agroalimentario-sostenible/" />
<meta property="og:site_name" content="Beta Tech Center" />
<meta property="article:modified_time" content="2025-10-13T10:15:26+00:00" />
<meta property="og:image" content="https://betatechcenter.com/wp-content/uploads/2021/04/AS3I0112-2000x1333-1.jpeg" />
	<meta property="og:image:width" content="2000" />
	<meta property="og:image:height" content="1333" />
	<meta property="og:image:type" content="image/jpeg" />
<meta name="twitter:card" content="summary_large_image" />
<script type="application/ld+json" class="yoast-schema-graph">{"@context":"https:\/\/schema.org","@graph":[{"@type":"WebPage","@id":"https:\/\/betatechcenter.com\/ca\/agenda\/jornada-tecnica-gestion-del-ciclo-de-vida-en-la-transicion-hacia-un-sector-agroalimentario-sostenible\/","url":"https:\/\/betatechcenter.com\/ca\/agenda\/jornada-tecnica-gestion-del-ciclo-de-vida-en-la-transicion-hacia-un-sector-agroalimentario-sostenible\/","name":"Beta Tech Center &#8212; Jornada Técnica: Gestión del Ciclo de Vida en la Transición hacia un Sector Agroalimentario Sostenible","isPartOf":{"@id":"https:\/\/betatechcenter.com\/#website"},"datePublished":"2025-10-13T10:15:10+00:00","dateModified":"2025-10-13T10:15:26+00:00","description":"🌱 Estamos colaborando en la organización de la jornada “Gestión del Ciclo de Vida en la Transición hacia un Sector Agroalimentario Sostenible”, impulsada por la Red Española de Análisis de Ciclo de Vida (𝗔𝗖𝗩) que se celebrarà en Vic (Barcelona) este noviembre.","breadcrumb":{"@id":"https:\/\/betatechcenter.com\/ca\/agenda\/jornada-tecnica-gestion-del-ciclo-de-vida-en-la-transicion-hacia-un-sector-agroalimentario-sostenible\/#breadcrumb"},"inLanguage":"ca","potentialAction":[{"@type":"ReadAction","target":["https:\/\/betatechcenter.com\/ca\/agenda\/jornada-tecnica-gestion-del-ciclo-de-vida-en-la-transicion-hacia-un-sector-agroalimentario-sostenible\/"]}]},{"@type":"BreadcrumbList","@id":"https:\/\/betatechcenter.com\/ca\/agenda\/jornada-tecnica-gestion-del-ciclo-de-vida-en-la-transicion-hacia-un-sector-agroalimentario-sostenible\/#breadcrumb","itemListElement":[{"@type":"ListItem","position":1,"name":"Home","item":"https:\/\/betatechcenter.com\/ca\/"},{"@type":"ListItem","position":2,"name":"Agenda","item":"https:\/\/betatechcenter.com\/es\/agenda\/"},{"@type":"ListItem","position":3,"name":"Jornada Técnica: Gestión del Ciclo de Vida en la Transición hacia un Sector Agroalimentario Sostenible"}]},{"@type":"WebSite","@id":"https:\/\/betatechcenter.com\/#website","url":"https:\/\/betatechcenter.com\/","name":"Beta Tech Center","description":"","publisher":{"@id":"https:\/\/betatechcenter.com\/#organization"},"potentialAction":[{"@type":"SearchAction","target":{"@type":"EntryPoint","urlTemplate":"https:\/\/betatechcenter.com\/?s={search_term_string}"},"query-input":{"@type":"PropertyValueSpecification","valueRequired":true,"valueName":"search_term_string"}}],"inLanguage":"ca"},{"@type":"Organization","@id":"https:\/\/betatechcenter.com\/#organization","name":"Beta Tech Center","url":"https:\/\/betatechcenter.com\/","logo":{"@type":"ImageObject","inLanguage":"ca","@id":"https:\/\/betatechcenter.com\/#\/schema\/logo\/image\/","url":"https:\/\/betatechcenter.com\/wp-content\/uploads\/2020\/12\/logo.svg","contentUrl":"https:\/\/betatechcenter.com\/wp-content\/uploads\/2020\/12\/logo.svg","width":319,"height":88,"caption":"Beta Tech Center"},"image":{"@id":"https:\/\/betatechcenter.com\/#\/schema\/logo\/image\/"}}]}</script>
<!-- / Yoast SEO plugin. -->

Beta Tech Center &#8212; Jornada Técnica: Gestión del Ciclo de Vida en la Transición hacia un Sector Agroalimentario Sostenible

🌱 Estamos colaborando en la organización de la jornada “Gestión del Ciclo de Vida en la Transición hacia un Sector Agroalimentario Sostenible”, impulsada por la Red Española de Análisis de Ciclo de Vida (𝗔𝗖𝗩) que se celebrarà en Vic (Barcelona) este noviembre.
